56). Suppose -29 - 144 = -p*n + 3*l, -n = 4*l - 114. Calculate the greatest common divisor of 329 and n.
47
Let x = 11761 + -11757. Let m(t) = 11*t - 2. Let v be m(6). What is the highest common factor of v and x?
4
Let n be 1 - ((-339)/(-12) + (-2)/8). Let o = -26 - n. Suppose g + 5*w = 22 - o, -3*g + 3*w = -117. Calculate the greatest common divisor of 18 and g.
18
Let j = 9167 + -3887. Suppose 0 = 23*b - 8*b - j. What is the greatest common divisor of 11 and b?
11
Let g = -23 + 21. Let u(a) = a**3 + 3*a**2 + a + 1. Let o be u(g). Suppose 0 = -2*p + p + o. Calculate the greatest common divisor of 1 and p.
1
Suppose -173*q - 294525 = -262*q - 226*q. What is the greatest common divisor of q and 374?
187
Suppose 2*x - 5*h - 6435 = 0, 1679 + 1543 = x - h. Calculate the greatest common divisor of x and 25.
25
Suppose 4*m - 13666 = -f + 10*f, m - 3412 = 3*f. What is the greatest common divisor of 10 and m?
10
Suppose x + 3*a - 24 = 0, -4*x - a + 40 = -3*a. Suppose -126 + 252 = 2*c - t, 3*c = -3*t + 243. What is the greatest common factor of x and c?
3
Let a = 3520 - 3322. What is the greatest common factor of 63 and a?
9
Suppose -479*b = -86021 - 139109. Let c be ((-6)/2)/((-15)/100). Calculate the greatest common divisor of b and c.
10
Let i(d) = -17*d - 172. Let u be i(-52). Let k = -699 + u. Let t be -1 + (-1 - -1) + 105. Calculate the greatest common factor of k and t.
13
Let i(u) = -10*u + 65. Let q be i(6). Let d be -2 + q/3 - 1496/(-33). What is the highest common divisor of d and 15?
15
Let q be 2 - 51/21 - 170/(-119). Let o be (11 + q)*(2 + (-15)/9). What is the greatest common divisor of o and 2?
2
Let q = -5238 - -5245. What is the greatest common divisor of q and 1799?
7
Let k be 4*-1*3/(-3). Suppose 788 = -k*b + 8*b. Suppose -3*n + 73 = -b. What is the highest common divisor of n and 10?
10
Let q(g) = g**2 - 24*g - 22. Let d be q(33). Let h = 335 - d. Calculate the highest common factor of 270 and h.
30
Let n = 5519 - 5511. What is the greatest common divisor of 596 and n?
4
Let d be 6/4 - (-4)/((-8)/155). Suppose 1336 = 11*f + 335. Let i = f + d. Calculate the greatest common divisor of i and 225.
15
Let p(m) = 4*m**2 - 117*m + 117. Let l be p(1). What is the highest common factor of 92 and l?
4
Suppose -4*m + 4*z = -60, m = 2*z + 9 + 6. Let x be (-1)/1*(17 - m). Let q be (-57)/(6/x - 0). What is the greatest common divisor of 209 and q?
19
Let m(g) = 6*g**3 + 50*g**2 - 35*g + 55. Let k be m(-9). What is the greatest common divisor of k and 16238?
46
Let o be (63/12)/(1/4). Let g = -31 + o. Let b = 16 + g. Calculate the greatest common divisor of 2 and b.
2
Let c be (-405)/((-285)/(-19))*2/(2/(-3)). Calculate the greatest common divisor of 351 and c.
27
Let h = 381 - 375. Suppose -2*k - 5*z + h = 0, -k - 2*z = 2*k - 20. Calculate the highest common divisor of k and 76.
4
Suppose -637823 = -237*h + 790539 + 142237. What is the greatest common factor of 6 and h?
3
Suppose 3*f + 3*j = -316 - 467, 2*j = 0. Let x = f - -294. Calculate the highest common divisor of 88 and x.
11
Let k = 69 + -59. Let s be (-2 + (-46)/k)*-20. Suppose -20*b + 23*b = s. What is the greatest common divisor of 33 and b?
11
Let f(y) = -y**3 + 9*y**2 - 11*y + 24. Let l be f(8). Suppose l = 5*n - 0*n - 360. Let d be 9 - (-2 - 3/3). Calculate the greatest common divisor of n and d.
12
Let p be (20/6)/(-1)*-6. Suppose -3*f + 2*g = 4*g + 1, 4*g = -3*f + 7. Let v be 8/(7/7) + f. What is the highest common factor of v and p?
5
Let m = -8 + 47. Suppose 279316*i - 234 = 279314*i. Calculate the highest common factor of m and i.
39
Let o(n) = 2*n**2 + 32*n + 39. Let q be o(-16). Let j = 345 + -150. Calculate the greatest common divisor of j and q.
39
Let s = -2538 - -2747. Calculate the greatest common factor of s and 95.
19
Let s be 29 + 0 + (-438)/73. What is the highest common factor of s and 19021?
23
Suppose 201 = i + 3*v, 0 = 16*v - 11*v - 5. Let z = i - 143. Calculate the highest common divisor of z and 11.
11
Suppose -7*u - 128 - 264 = 0. Let f be (-14)/u*(-4)/(-3)*45. Let l be -9*20*6/(-8). What is the greatest common divisor of f and l?
15
Suppose -35*g + 1258 = -g. Let u = g + 55. Calculate the greatest common factor of 230 and u.
46
Suppose 21*i - 2072 = 14*i. Let m = i - 155. Let g = 50 + -3. Calculate the greatest common divisor of m and g.
47
Let x be (-2)/5 + (-811860)/(-150). What is the highest common factor of 132 and x?
132
Let i(d) = 19*d**2 - 62. Let k be i(-7). Let b = -28 - -107. What is the highest common divisor of b and k?
79
Suppose 13*h + 21*h - 646 = 0. Suppose 2*f - 4*f + 266 = 0. What is the greatest common divisor of f and h?
19
Suppose 3325*i - 56 = 3318*i. Let r(t) = -18*t - 4. Let z be r(-4). What is the greatest common divisor of i and z?
4
Let d = -317 + 396. Let i = d + 121. Calculate the highest common factor of i and 4.
4
Let k = -971 - -976. Suppose 2*o - 292 = 2*x - 5*x, -k*x = -5*o - 495. What is the highest common factor of 154 and x?
14
Suppose 0 = 14*j - 3160 - 452. Suppose -o + 3*o = -4*p + 256, 2*p - j = -2*o. Suppose 5*h + 38 = 168. What is the greatest common factor of h and o?
26
Suppose -5*j + 233 = -22. Suppose j = -2*k - 77. Let x = k - -124. Calculate the greatest common factor of x and 40.
20
Suppose 0 = -z - 3, -8 = 2*f + 3*z - 11. Suppose -5*x = 4*j - 45, 2*x + 3*j = j + 18. Let u be 3*2/(-6) + x. Calculate the highest common factor of f and u.
2
Let t be 1012/(-14) + 1 - 16/(-56). Let j = -65 - t. Let i be (52/3)/(j/9). What is the highest common factor of i and 52?
26
Suppose 0 = 13*o - 10*o. Let w be 0 + 0 - -2 - (-2 + o). What is the highest common factor of w and 3?
1
Suppose -30*z + 2300 + 1232 = 982. What is the greatest common divisor of 70 and z?
5
Let c(z) = z**3 + 2*z. Let y be c(2). Let f = -695 - -747. Let s be (12/(-8))/((-6)/f) - 1. Calculate the highest common factor of s and y.
12
Suppose -1310*b = -1309*b + 2, -3*d = 5*b - 6824. What is the greatest common factor of 918 and d?
34
Suppose -24*s + 37 + 59 = 0. Suppose -31 = -s*g + 17. What is the highest common divisor of g and 27?
3
Suppose 180 = 4*u + 4*k, -4*k = -5 - 3. Suppose 10*p - u = 57. Calculate the highest common factor of p and 55.
5
Let x = 362 - 377. Let o(c) = c**3 + 15*c**2 - 6*c - 81. Let n be o(x). Calculate the greatest common divisor of 522 and n.
9
Suppose 4*n + 93 = 5*u, 5*n + 8 = n. Suppose 0 = u*m - 18*m + 160. Suppose p = -c + 22, 24 + 0 = c + 2*p. What is the highest common factor of c and m?
20
Let y(i) = 5*i**2 - 14*i. Let p be y(6). Suppose -3*g = -11*g + p. Calculate the greatest common divisor of g and 18.
6
Let b = 3215 - 3130. What is the greatest common factor of b and 340?
85
Let u be (1 - (-28335)/21) + 240/(-840). What is the highest common divisor of 6 and u?
6
Suppose -549 = 5*p - 8*p. Let t = p + -887. Let q be (-2)/7 + t/(-14). Calculate the highest common divisor of 20 and q.
10
Suppose -c + 3*c = 20. Suppose -c = -y - 8. Suppose 51 = 2*a - 3*w, -12 = y*w - 6*w. Calculate the greatest common divisor of a and 90.
30
Suppose -4*g - 37 - 19 = 3*a, -3*a - 54 = 3*g. Let y be (1 + 149)/(a/(-8)). What is the greatest common factor of 825 and y?
75
Suppose 3*x - 90 = -0*l + 3*l, 5*l = x - 170. Let h = -35 - l. Suppose 5*r + 15 = 2*r, h = 4*f - 3*r - 115. Calculate the greatest common divisor of 50 and f.
25
Let z(a) = 19*a**2 + 166*a + 996. Let o be z(-7). Let y be (85/(-2))/(2/(-4)). What is the highest common factor of y and o?
85
Let h = 7347 + -6174. Calculate the highest common divisor of h and 170.
17
Let i(n) = -30*n + 40. Let c be i(-6). Let j be (-4 - (-14 - -2)) + c. What is the greatest common factor of j and 95?
19
Let z be (32/20)/((-4)/(-50)). Let k = 493 - 197. Suppose -5*c - k + 316 = 0. Calculate the greatest common divisor of z and c.
4
Let u = -88 + 97. Suppose -297 = -u*i + 27. What is the greatest common factor of i and 54?
18
Let w = -9890 - -16918. Calculate the greatest common factor of w and 28.
28
Let d be 0/(5/4 - (-3)/(-12)). Suppose d = -4*w + 6*w - 64. Suppose b - 3*v - 30 = 0, 60 + w = 2*b + 2*v. What is the highest common factor of 6 and b?
6
Suppose 0 = 5*j + 4 + 11. Let y be -8*j/(-9)*(-21)/4. Let m(u) = 3*u - 7. Let c be m(y). What is the highest common factor of 245 and c?
35
